{"id":2111,"date":"2019-10-10T17:45:21","date_gmt":"2019-10-10T20:45:21","guid":{"rendered":"https:\/\/eaic-bue.infd.edu.ar\/sitio\/?page_id=2111"},"modified":"2024-04-19T18:13:40","modified_gmt":"2024-04-19T21:13:40","slug":"8-profesorado-de-ceramica","status":"publish","type":"page","link":"https:\/\/eaic-bue.infd.edu.ar\/sitio\/8-profesorado-de-ceramica\/","title":{"rendered":"Profesorado de Cer\u00e1mica"},"content":{"rendered":"<p><strong><u>PROFESORADO DE CERAMICA<\/u><\/strong><\/p>\n<p>El\u00a0<strong>PROFESORADO DE\u00a0CER\u00c1MICA\u00a0<\/strong>\u00a0forma docentes especializados en la ense\u00f1anza del arte en los distintos niveles de la ense\u00f1anza obligatoria,\u00a0con s\u00f3lidos conocimientos pedag\u00f3gicos,\u00a0atentos a los cambios y transformaciones propios de nuestra\u00a0tarea cotidiana y comprometidos con la realidad sociocultural de nuestro pa\u00eds, con un perfil abierto a las necesidades de los otros en el mundo que nos toca transitar.<\/p>\n<p><strong>Este profesorado se cursa solo en la sede de Isidro Casanova (Juan Manuel de Rosas 5975, Ruta 3, km 21)<\/strong><\/p>\n<p>Las fechas de inscripci\u00f3n se publican en la siguiente p\u00e1gina en el mes de septiembre. <a href=\"https:\/\/eaic-bue.infd.edu.ar\/sitio\/\">https:\/\/eaic-bue.infd.edu.ar\/sitio\/<\/a><\/p>\n<p>Para ingresar\u00a0 es necesario haber finalizado estudios secundarios<\/p>\n<p><strong>ESTRUCTURA CURRICULAR &#8211; <\/strong><strong>PROFESORADO DE ARTES VISUALES CON ORIENTACI\u00d3N EN CER\u00c1MICA<\/strong><\/p>\n<table width=\"657\">\n<tbody>\n<tr>\n<td width=\"41\"><strong>A\u00f1o<\/strong><\/td>\n<td width=\"120\"><strong>Campos de la Formaci\u00f3n<\/strong><\/td>\n<td width=\"48\"><strong>N\u00ba T<\/strong><\/td>\n<td width=\"183\"><strong>Asignatura<\/strong><\/td>\n<td width=\"38\"><strong>Hs S<\/strong><\/td>\n<td width=\"38\"><strong>Hs T<\/strong><\/td>\n<td width=\"132\"><strong>FORMA DE ACREDITACION<\/strong><\/td>\n<td colspan=\"2\" width=\"57\"><strong>LIBRE<\/strong><\/td>\n<\/tr>\n<tr>\n<td rowspan=\"10\" width=\"41\">\n<p>1\u00ba<\/td>\n<td rowspan=\"6\" width=\"120\">\n<p>Formaci\u00f3n Espec\u00edfica<\/td>\n<td width=\"48\">1<\/td>\n<td width=\"183\">Lenguaje Visual I<\/td>\n<td width=\"38\">3<\/td>\n<td width=\"38\">96<\/td>\n<td width=\"132\">Promoci\u00f3n directa<\/td>\n<td colspan=\"2\" width=\"57\">NO<\/td>\n<\/tr>\n<tr>\n<td width=\"48\">2<\/td>\n<td width=\"183\">Dibujo I<\/td>\n<td width=\"38\">2<\/td>\n<td width=\"38\">64<\/td>\n<td width=\"132\">Promoci\u00f3n directa<\/td>\n<td colspan=\"2\" width=\"57\">NO<\/td>\n<\/tr>\n<tr>\n<td width=\"48\">3<\/td>\n<td width=\"183\">Cer\u00e1mica I<\/td>\n<td width=\"38\">4<\/td>\n<td width=\"38\">128<\/td>\n<td width=\"132\">Examen final<\/td>\n<td colspan=\"2\" width=\"57\">NO<\/td>\n<\/tr>\n<tr>\n<td width=\"48\">4<\/td>\n<td width=\"183\">Qu\u00edmica aplicada I<\/td>\n<td width=\"38\">2<\/td>\n<td width=\"38\">64<\/td>\n<td width=\"132\">Examen final<\/td>\n<td colspan=\"2\" width=\"57\">NO<\/td>\n<\/tr>\n<tr>\n<td width=\"48\">5<\/td>\n<td width=\"183\">Taller Compl I (Pint, Grab o Escult)<\/td>\n<td width=\"38\">2<\/td>\n<td width=\"38\">64<\/td>\n<td width=\"132\">Examen final<\/td>\n<td colspan=\"2\" width=\"57\">NO<\/td>\n<\/tr>\n<tr>\n<td width=\"48\">6<\/td>\n<td width=\"183\">Historia de las Artes Visuales I<\/td>\n<td width=\"38\">2<\/td>\n<td width=\"38\">64<\/td>\n<td width=\"132\">Promoci\u00f3n directa<\/td>\n<td colspan=\"2\" width=\"57\">SI<\/td>\n<\/tr>\n<tr>\n<td width=\"120\">Pr\u00e1ct Profesional<\/td>\n<td width=\"48\">7<\/td>\n<td width=\"183\">Pr\u00e1ctica Docente I<\/td>\n<td width=\"38\">3<\/td>\n<td width=\"38\">96<\/td>\n<td width=\"132\">Promoci\u00f3n directa<\/td>\n<td colspan=\"2\" width=\"57\">NO<\/td>\n<\/tr>\n<tr>\n<td rowspan=\"3\" width=\"120\">Formaci\u00f3n General<\/td>\n<td width=\"48\">8<\/td>\n<td width=\"183\">Psicolog\u00eda de la Educaci\u00f3n I<\/td>\n<td width=\"38\">2<\/td>\n<td width=\"38\">64<\/td>\n<td width=\"132\">Promoci\u00f3n directa<\/td>\n<td colspan=\"2\" width=\"57\">SI<\/td>\n<\/tr>\n<tr>\n<td width=\"48\">9<\/td>\n<td width=\"183\">Fundamentos de la Educaci\u00f3n<\/td>\n<td width=\"38\">2<\/td>\n<td width=\"38\">64<\/td>\n<td width=\"132\">Promoci\u00f3n directa<\/td>\n<td colspan=\"2\" width=\"57\">SI<\/td>\n<\/tr>\n<tr>\n<td width=\"48\">10<\/td>\n<td width=\"183\">Historia Social General<\/td>\n<td width=\"38\">2<\/td>\n<td width=\"38\">64<\/td>\n<td width=\"132\">Promoci\u00f3n directa<\/td>\n<td colspan=\"2\" width=\"57\">SI<\/td>\n<\/tr>\n<tr>\n<td rowspan=\"10\" width=\"41\">\n<p>2\u00ba<\/td>\n<td rowspan=\"6\" width=\"120\">\n<p>Formaci\u00f3n Espec\u00edfica<\/td>\n<td width=\"48\">11<\/td>\n<td width=\"183\">Lenguaje Visual II<\/td>\n<td width=\"38\">3<\/td>\n<td width=\"38\">96<\/td>\n<td width=\"132\">Promoci\u00f3n directa<\/td>\n<td colspan=\"2\" width=\"57\">NO<\/td>\n<\/tr>\n<tr>\n<td width=\"48\">12<\/td>\n<td width=\"183\">Dibujo II<\/td>\n<td width=\"38\">2<\/td>\n<td width=\"38\">64<\/td>\n<td width=\"132\">Promoci\u00f3n directa<\/td>\n<td colspan=\"2\" width=\"57\">NO<\/td>\n<\/tr>\n<tr>\n<td width=\"48\">13<\/td>\n<td width=\"183\">Cer\u00e1mica II<\/td>\n<td width=\"38\">4<\/td>\n<td width=\"38\">128<\/td>\n<td width=\"132\">Examen final<\/td>\n<td colspan=\"2\" width=\"57\">NO<\/td>\n<\/tr>\n<tr>\n<td width=\"48\">14<\/td>\n<td width=\"183\">Tecnolog\u00eda aplicada a la Cer\u00e1mica I<\/td>\n<td width=\"38\">2<\/td>\n<td width=\"38\">64<\/td>\n<td width=\"132\">Examen final<\/td>\n<td colspan=\"2\" width=\"57\">NO<\/td>\n<\/tr>\n<tr>\n<td width=\"48\">15<\/td>\n<td width=\"183\">Taller Compl II (Pint, Grab o Esc)<\/td>\n<td width=\"38\">2<\/td>\n<td width=\"38\">64<\/td>\n<td width=\"132\">Examen final<\/td>\n<td colspan=\"2\" width=\"57\">NO<\/td>\n<\/tr>\n<tr>\n<td width=\"48\">16<\/td>\n<td width=\"183\">Historia de las Artes Visuales II<\/td>\n<td width=\"38\">2<\/td>\n<td width=\"38\">64<\/td>\n<td width=\"132\">Promoci\u00f3n directa<\/td>\n<td colspan=\"2\" width=\"57\">SI<\/td>\n<\/tr>\n<tr>\n<td width=\"120\">Pr\u00e1ct Profesional<\/td>\n<td width=\"48\">17<\/td>\n<td width=\"183\">Pr\u00e1ctica Docente II<\/td>\n<td width=\"38\">3<\/td>\n<td width=\"38\">96<\/td>\n<td width=\"132\">Examen final<\/td>\n<td colspan=\"2\" width=\"57\">NO<\/td>\n<\/tr>\n<tr>\n<td rowspan=\"3\" width=\"120\">Formaci\u00f3n General<\/td>\n<td width=\"48\">18<\/td>\n<td width=\"183\">Psicolog\u00eda de la Educaci\u00f3n II<\/td>\n<td width=\"38\">2<\/td>\n<td width=\"38\">64<\/td>\n<td width=\"132\">Promoci\u00f3n directa<\/td>\n<td colspan=\"2\" width=\"57\">SI<\/td>\n<\/tr>\n<tr>\n<td width=\"48\">19<\/td>\n<td width=\"183\">Did\u00e1ctica general<\/td>\n<td width=\"38\">2<\/td>\n<td width=\"38\">64<\/td>\n<td width=\"132\">Promoci\u00f3n directa<\/td>\n<td colspan=\"2\" width=\"57\">SI<\/td>\n<\/tr>\n<tr>\n<td width=\"48\">20<\/td>\n<td width=\"183\">Historia SociopLatin y Argentina<\/td>\n<td width=\"38\">2<\/td>\n<td width=\"38\">64<\/td>\n<td width=\"132\">Promoci\u00f3n directa<\/td>\n<td colspan=\"2\" width=\"57\">SI<\/td>\n<\/tr>\n<tr>\n<td rowspan=\"10\" width=\"41\">\n<p>3\u00ba<\/td>\n<td rowspan=\"7\" width=\"120\">\n<p>Formaci\u00f3n Espec\u00edfica<\/td>\n<td width=\"48\">21<\/td>\n<td width=\"183\">Lenguaje Visual III<\/td>\n<td width=\"38\">3<\/td>\n<td width=\"38\">96<\/td>\n<td width=\"132\">Promoci\u00f3n directa<\/td>\n<td colspan=\"2\" width=\"57\">NO<\/td>\n<\/tr>\n<tr>\n<td width=\"48\">22<\/td>\n<td width=\"183\">Dibujo III<\/td>\n<td width=\"38\">2<\/td>\n<td width=\"38\">64<\/td>\n<td width=\"132\">Promoci\u00f3n directa<\/td>\n<td colspan=\"2\" width=\"57\">NO<\/td>\n<\/tr>\n<tr>\n<td width=\"48\">23<\/td>\n<td width=\"183\">Cer\u00e1mica III<\/td>\n<td width=\"38\">5<\/td>\n<td width=\"38\">160<\/td>\n<td width=\"132\">Examen final<\/td>\n<td colspan=\"2\" width=\"57\">NO<\/td>\n<\/tr>\n<tr>\n<td width=\"48\">24<\/td>\n<td width=\"183\">Qu\u00edmica aplicada II<\/td>\n<td width=\"38\">2<\/td>\n<td width=\"38\">64<\/td>\n<td width=\"132\">Examen final<\/td>\n<td colspan=\"2\" width=\"57\">NO<\/td>\n<\/tr>\n<tr>\n<td width=\"48\">25<\/td>\n<td width=\"183\">Medios Audiovis e Imagen Digital<\/td>\n<td width=\"38\">2<\/td>\n<td width=\"38\">64<\/td>\n<td width=\"132\">Promoci\u00f3n directa<\/td>\n<td colspan=\"2\" width=\"57\">NO<\/td>\n<\/tr>\n<tr>\n<td width=\"48\">26<\/td>\n<td width=\"183\">Historia de las Artes Visuales III<\/td>\n<td width=\"38\">2<\/td>\n<td width=\"38\">64<\/td>\n<td width=\"132\">Promoci\u00f3n directa<\/td>\n<td colspan=\"2\" width=\"57\">SI<\/td>\n<\/tr>\n<tr>\n<td width=\"48\">27<\/td>\n<td width=\"183\">Did\u00e1ctica de las Artes Visuales I<\/td>\n<td width=\"38\">2<\/td>\n<td width=\"38\">64<\/td>\n<td width=\"132\">Examen final<\/td>\n<td colspan=\"2\" width=\"57\">SI<\/td>\n<\/tr>\n<tr>\n<td width=\"120\">Pr\u00e1ct Profesional<\/td>\n<td width=\"48\">28<\/td>\n<td width=\"183\">Pr\u00e1ctica Docente III<\/td>\n<td width=\"38\">4<\/td>\n<td width=\"38\">128<\/td>\n<td width=\"132\">Examen final<\/td>\n<td colspan=\"2\" width=\"57\">NO<\/td>\n<\/tr>\n<tr>\n<td rowspan=\"2\" width=\"120\">Formaci\u00f3n General<\/td>\n<td width=\"48\">29<\/td>\n<td width=\"183\">Pol\u00edtica Educativa<\/td>\n<td width=\"38\">2<\/td>\n<td width=\"38\">64<\/td>\n<td width=\"132\">Promoci\u00f3n directa<\/td>\n<td colspan=\"2\" width=\"57\">SI<\/td>\n<\/tr>\n<tr>\n<td width=\"48\">30<\/td>\n<td width=\"183\">Teor\u00edas del Arte I<\/td>\n<td width=\"38\">2<\/td>\n<td width=\"38\">64<\/td>\n<td width=\"132\">Promoci\u00f3n directa<\/td>\n<td colspan=\"2\" width=\"57\">SI<\/td>\n<\/tr>\n<tr>\n<td rowspan=\"7\" width=\"41\">\n<p>4\u00ba<\/td>\n<td rowspan=\"4\" width=\"120\">\n<p>Formaci\u00f3n Espec\u00edfica<\/td>\n<td width=\"48\">31<\/td>\n<td width=\"183\">Cer\u00e1mica IV<\/td>\n<td width=\"38\">5<\/td>\n<td width=\"38\">160<\/td>\n<td width=\"132\">Examen final<\/td>\n<td colspan=\"2\" width=\"57\">NO<\/td>\n<\/tr>\n<tr>\n<td width=\"48\">32<\/td>\n<td width=\"183\">Dibujo IV<\/td>\n<td width=\"38\">2<\/td>\n<td width=\"38\">64<\/td>\n<td width=\"132\">Promoci\u00f3n directa<\/td>\n<td colspan=\"2\" width=\"57\">NO<\/td>\n<\/tr>\n<tr>\n<td width=\"48\">33<\/td>\n<td width=\"183\">Artes Combinadas<\/td>\n<td width=\"38\">2<\/td>\n<td width=\"38\">64<\/td>\n<td width=\"132\">Promoci\u00f3n directa<\/td>\n<td colspan=\"2\" width=\"57\">NO<\/td>\n<\/tr>\n<tr>\n<td width=\"48\">34<\/td>\n<td width=\"183\">Did\u00e1ctica de las Artes Visuales II<\/td>\n<td width=\"38\">2<\/td>\n<td width=\"38\">64<\/td>\n<td width=\"132\">Examen final<\/td>\n<td colspan=\"2\" width=\"57\">SI<\/td>\n<\/tr>\n<tr>\n<td width=\"120\">Pr\u00e1ct Profesional<\/td>\n<td width=\"48\">35<\/td>\n<td width=\"183\">Pr\u00e1ctica Docente IV<\/td>\n<td width=\"38\">4<\/td>\n<td width=\"38\">128<\/td>\n<td width=\"132\">Examen final<\/td>\n<td colspan=\"2\" width=\"57\">NO<\/td>\n<\/tr>\n<tr>\n<td rowspan=\"2\" width=\"120\">Formaci\u00f3n General<\/td>\n<td width=\"48\">36<\/td>\n<td width=\"183\">Teor\u00edas del Arte II<\/td>\n<td width=\"38\">2<\/td>\n<td width=\"38\">64<\/td>\n<td width=\"132\">Promoci\u00f3n directa<\/td>\n<td colspan=\"2\" width=\"57\">SI<\/td>\n<\/tr>\n<tr>\n<td width=\"48\">37<\/td>\n<td width=\"183\">Metod de la investigaci\u00f3n en Artes<\/td>\n<td width=\"38\">3<\/td>\n<td width=\"38\">96<\/td>\n<td width=\"132\">Examen final<\/td>\n<td colspan=\"2\" width=\"57\">NO<\/td>\n<\/tr>\n<tr>\n<td colspan=\"4\" width=\"392\">EDI: Espacio de Definici\u00f3n Instit<\/td>\n<td width=\"38\">4<\/td>\n<td width=\"38\"><\/td>\n<td width=\"132\"><\/td>\n<td width=\"30\">NO<\/td>\n<td width=\"27\"><\/td>\n<\/tr>\n<\/tbody>\n<\/table>\n<p><strong>CORRELATIVIDADES PROFESORADO DE CER\u00c1MICA<\/strong><\/p>\n<p><strong>PRIMER A\u00d1O<\/strong><\/p>\n<table width=\"624\">\n<tbody>\n<tr>\n<td width=\"264\"><strong>UNIDAD CURRICULAR<\/strong><\/td>\n<td width=\"360\"><strong>CORRELATIVAS<\/strong><\/td>\n<\/tr>\n<tr>\n<td width=\"264\">Lenguaje Visual I<\/td>\n<td width=\"360\">FOBA COMPLETO<\/td>\n<\/tr>\n<tr>\n<td width=\"264\">Dibujo I<\/td>\n<td width=\"360\">FOBA COMPLETO<\/td>\n<\/tr>\n<tr>\n<td width=\"264\">Cer\u00e1mica I<\/td>\n<td width=\"360\">FOBA COMPLETO<\/td>\n<\/tr>\n<tr>\n<td width=\"264\">Qu\u00edmica aplicada I<\/td>\n<td width=\"360\">FOBA COMPLETO<\/td>\n<\/tr>\n<tr>\n<td width=\"264\">Taller Complementario I<\/td>\n<td width=\"360\">FOBA COMPLETO<\/td>\n<\/tr>\n<tr>\n<td width=\"264\">Historia de las Artes Visuales I<\/td>\n<td width=\"360\">FOBA COMPLETO<\/td>\n<\/tr>\n<tr>\n<td width=\"264\">Pr\u00e1ctica Docente I<\/td>\n<td width=\"360\">FOBA COMPLETO<\/td>\n<\/tr>\n<tr>\n<td width=\"264\">Psicolog\u00eda de la Educaci\u00f3n<\/td>\n<td width=\"360\">FOBA COMPLETO<\/td>\n<\/tr>\n<tr>\n<td width=\"264\">Fundamentos de la Educaci\u00f3n I<\/td>\n<td width=\"360\">FOBA COMPLETO<\/td>\n<\/tr>\n<tr>\n<td width=\"264\">Historia Social General<\/td>\n<td width=\"360\">FOBA COMPLETO<\/td>\n<\/tr>\n<\/tbody>\n<\/table>\n<p><strong>SEGUNDO A\u00d1O<\/strong><\/p>\n<table width=\"624\">\n<tbody>\n<tr>\n<td width=\"264\">Lenguaje Visual II<\/td>\n<td width=\"360\">Lenguaje Visual I<\/td>\n<\/tr>\n<tr>\n<td width=\"264\">Dibujo II<\/td>\n<td width=\"360\">Dibujo I; Lenguaje Visual I<\/td>\n<\/tr>\n<tr>\n<td width=\"264\">Cer\u00e1mica II<\/td>\n<td width=\"360\">Cer\u00e1mica I; Qu\u00edmica aplicada; Lenguaje Visual I; Dibujo I<\/td>\n<\/tr>\n<tr>\n<td width=\"264\">Tecnolog\u00eda aplicada a la Cer\u00e1mica<\/td>\n<td width=\"360\">Cer\u00e1mica I; Qu\u00edmica aplicada I<\/td>\n<\/tr>\n<tr>\n<td width=\"264\">Taller Complementario II<\/td>\n<td width=\"360\">Taller complementario I; Dibujo I; Lenguaje Visual I<\/td>\n<\/tr>\n<tr>\n<td width=\"264\">Historia de las Artes Visuales II<\/td>\n<td width=\"360\">Historia de las Artes Visuales I<\/td>\n<\/tr>\n<tr>\n<td width=\"264\">Pr\u00e1ctica Docente II<\/td>\n<td width=\"360\">Pr\u00e1ctica Docente I; Fundamentos de la Educaci\u00f3n; Psicolog\u00eda de la Educaci\u00f3n I<\/td>\n<\/tr>\n<tr>\n<td width=\"264\">Historia sociopol\u00edtica de Latinoam\u00e9rica y Argentina<\/td>\n<td width=\"360\">Historia Social General<\/td>\n<\/tr>\n<tr>\n<td width=\"264\">Did\u00e1ctica General<\/td>\n<td width=\"360\">Fundamentos de la Educaci\u00f3n; Psicolog\u00eda\u00a0 de la Educaci\u00f3n I<\/td>\n<\/tr>\n<tr>\n<td width=\"264\">Psicolog\u00eda\u00a0 de la Educaci\u00f3n II<\/td>\n<td width=\"360\">Psicolog\u00eda de la Educaci\u00f3n I; Fundamentos de la Educaci\u00f3n<\/td>\n<\/tr>\n<\/tbody>\n<\/table>\n<p><strong>TERCER A\u00d1O<\/strong><\/p>\n<table width=\"624\">\n<tbody>\n<tr>\n<td width=\"264\">Lenguaje Visual III<\/td>\n<td width=\"360\">Lenguaje Visual II<\/td>\n<\/tr>\n<tr>\n<td width=\"264\">Dibujo III<\/td>\n<td width=\"360\">Dibujo II; Lenguaje Visual II<\/td>\n<\/tr>\n<tr>\n<td width=\"264\">Cer\u00e1mica III<\/td>\n<td width=\"360\">Cer\u00e1mica II; Tecnolog\u00eda aplicada a la Cer\u00e1mica; Lenguaje Visual II; Dibujo II<\/td>\n<\/tr>\n<tr>\n<td width=\"264\">Qu\u00edmica aplicada I<\/td>\n<td width=\"360\">Tecnolog\u00eda aplicada a la Cer\u00e1mica; Cer\u00e1mica II<\/td>\n<\/tr>\n<tr>\n<td width=\"264\">Historia de las Artes Visuales III<\/td>\n<td width=\"360\">Historia de las Artes Visuales II<\/td>\n<\/tr>\n<tr>\n<td width=\"264\">Did\u00e1ctica de las Artes Visuales I<\/td>\n<td width=\"360\">Did\u00e1ctica General; Psicolog\u00eda de la Educaci\u00f3n II; Pr\u00e1ctica Docente II<\/td>\n<\/tr>\n<tr>\n<td width=\"264\">Medios Audiovisuales e imagen digital<\/td>\n<td width=\"360\">Lenguaje Visual II; Dibujo II<\/td>\n<\/tr>\n<tr>\n<td width=\"264\">Pr\u00e1ctica Docente III *<\/td>\n<td width=\"360\">2do a\u00f1o completo<\/td>\n<\/tr>\n<tr>\n<td width=\"264\">Pol\u00edtica Educativa<\/td>\n<td width=\"360\">Did\u00e1ctica General; Historia sociopol\u00edtica de Latinoam\u00e9rica y Argentina<\/td>\n<\/tr>\n<tr>\n<td width=\"264\">Teor\u00edas del arte I<\/td>\n<td width=\"360\">Historia sociopol\u00edtica de Latinoam\u00e9rica y Argentina; Historia de las Artes Visuales II<\/td>\n<\/tr>\n<\/tbody>\n<\/table>\n<p><strong>CUARTO A\u00d1O<\/strong><\/p>\n<table width=\"624\">\n<tbody>\n<tr>\n<td width=\"264\">Cer\u00e1mica IV<\/td>\n<td width=\"360\">Cer\u00e1mica III; Lenguaje Visual III; Dibujo III<\/td>\n<\/tr>\n<tr>\n<td width=\"264\">Dibujo IV<\/td>\n<td width=\"360\">Dibujo III; Lenguaje Visual III<\/td>\n<\/tr>\n<tr>\n<td width=\"264\">Artes Combinadas<\/td>\n<td width=\"360\">Lenguaje Visual III; Dibujo II; Taller Complementario I<\/td>\n<\/tr>\n<tr>\n<td width=\"264\">Did\u00e1ctica de las Artes Visuales II<\/td>\n<td width=\"360\">Did\u00e1ctica de las Artes Visuales I; Pol\u00edtica Educativa; Pr\u00e1ctica Docente III<\/td>\n<\/tr>\n<tr>\n<td width=\"264\">Pr\u00e1ctica Docente IV*<\/td>\n<td width=\"360\">3er a\u00f1o completo<\/td>\n<\/tr>\n<tr>\n<td width=\"264\">Teor\u00edas del arte II<\/td>\n<td width=\"360\">Teor\u00edas del arte I; Historia de las Artes Visuales III<\/td>\n<\/tr>\n<tr>\n<td width=\"264\">Metodolog\u00eda de la investigaci\u00f3n<\/td>\n<td width=\"360\">Teor\u00edas del arte I; Historia de\u00a0 las Artes Visuales III<\/td>\n<\/tr>\n<\/tbody>\n<\/table>\n<p>* Para cursar pr\u00e1ctica docente III y VI deber\u00e1 cursar en paralelo la did\u00e1ctica espec\u00edfica del nivel o tener la cursada aprobada.<\/p>\n","protected":false},"excerpt":{"rendered":"<p>PROFESORADO DE CERAMICA El\u00a0PROFESORADO DE\u00a0CER\u00c1MICA\u00a0\u00a0forma docentes especializados en la ense\u00f1anza del arte en los distintos niveles de la ense\u00f1anza obligatoria,\u00a0con s\u00f3lidos conocimientos pedag\u00f3gicos,\u00a0atentos a los cambios y transformaciones propios de nuestra\u00a0tarea cotidiana y comprometidos con la realidad sociocultural de nuestro pa\u00eds, con un perfil abierto a las necesidades de los otros en el mundo que &#8230; <a title=\"Profesorado de Cer\u00e1mica\" class=\"read-more\" href=\"https:\/\/eaic-bue.infd.edu.ar\/sitio\/8-profesorado-de-ceramica\/\" aria-label=\"More on Profesorado de Cer\u00e1mica\">[+]<\/a><\/p>\n","protected":false},"author":2201,"featured_media":0,"parent":0,"menu_order":0,"comment_status":"closed","ping_status":"closed","template":"","meta":[],"acf":[],"_links":{"self":[{"href":"https:\/\/eaic-bue.infd.edu.ar\/sitio\/wp-json\/wp\/v2\/pages\/2111"}],"collection":[{"href":"https:\/\/eaic-bue.infd.edu.ar\/sitio\/wp-json\/wp\/v2\/pages"}],"about":[{"href":"https:\/\/eaic-bue.infd.edu.ar\/sitio\/wp-json\/wp\/v2\/types\/page"}],"author":[{"embeddable":true,"href":"https:\/\/eaic-bue.infd.edu.ar\/sitio\/wp-json\/wp\/v2\/users\/2201"}],"replies":[{"embeddable":true,"href":"https:\/\/eaic-bue.infd.edu.ar\/sitio\/wp-json\/wp\/v2\/comments?post=2111"}],"version-history":[{"count":3,"href":"https:\/\/eaic-bue.infd.edu.ar\/sitio\/wp-json\/wp\/v2\/pages\/2111\/revisions"}],"predecessor-version":[{"id":4452,"href":"https:\/\/eaic-bue.infd.edu.ar\/sitio\/wp-json\/wp\/v2\/pages\/2111\/revisions\/4452"}],"wp:attachment":[{"href":"https:\/\/eaic-bue.infd.edu.ar\/sitio\/wp-json\/wp\/v2\/media?parent=2111"}],"curies":[{"name":"wp","href":"https:\/\/api.w.org\/{rel}","templated":true}]}}