{"id":2115,"date":"2019-10-10T17:47:35","date_gmt":"2019-10-10T20:47:35","guid":{"rendered":"https:\/\/eaic-bue.infd.edu.ar\/sitio\/?page_id=2115"},"modified":"2024-04-19T18:17:23","modified_gmt":"2024-04-19T21:17:23","slug":"10-profesorado-de-musica-orientacion-educacion-musical","status":"publish","type":"page","link":"https:\/\/eaic-bue.infd.edu.ar\/sitio\/10-profesorado-de-musica-orientacion-educacion-musical\/","title":{"rendered":"Profesorado de M\u00fasica orientaci\u00f3n Educaci\u00f3n Musical"},"content":{"rendered":"<p><strong><u>PROFESORADO DE MUSICA ORIENTACION EDUCACION MUSICAL<\/u><\/strong><\/p>\n<p>El\u00a0<strong>Profesorado en M\u00fasica orientaci\u00f3n Educaci\u00f3n Musical\u00a0<\/strong>tiene como objetivo principal formar\u00a0<strong>m\u00fasicos docentes<\/strong>\u00a0con s\u00f3lidos conocimientos pedag\u00f3gicos,\u00a0atentos a los cambios y transformaciones propios de nuestra\u00a0tarea cotidiana y comprometidos con la realidad sociocultural de nuestro pa\u00eds, con un perfil abierto a las necesidades de los\/as otros\/as en el mundo que nos toca transitar.<\/p>\n<p>Al finalizar el profesorado se otorgar\u00e1 el t\u00edtulo de\u00a0<strong>Profesor\/a en M\u00fasica orientaci\u00f3n Educaci\u00f3n Musical<\/strong>\u00a0que habilitar\u00e1 para los niveles Inicial, Primaria, Secundaria y algunas asignaturas de las formaciones b\u00e1sicas (FOBA) de las instituciones terciarias.<\/p>\n<p>Para facilitar el abordaje del trayecto de la carrera la Escuela de Arte ofrece un\u00a0<strong>curso de ingreso (FOBA INTENSIVA)<\/strong>\u00a0de un a\u00f1o de duraci\u00f3n que\u00a0<u>se podr\u00e1 comenzar mientras se est\u00e1 cursando \u00a0el \u00faltimo a\u00f1o del secundario.<\/u><\/p>\n<p><strong>\u00a0<\/strong><\/p>\n<p><strong>La FOBA INTENSIVA tiene 3 materias:<\/strong><\/p>\n<p><strong>\u2013 LENGUAJE MUSICAL<\/strong><\/p>\n<p><strong>\u2013 PR\u00c1CTICA DE CONJUNTO<\/strong><\/p>\n<p><strong>\u2013 INSTRUMENTO ARM\u00d3NICO (guitarra o piano)<\/strong><\/p>\n<p>La\u00a0<strong>FOBA INTENSIVA<\/strong> se cursa en la sede de Casanova (optando por horarios en el turno tarde y\/o noche) y en el anexo de Ramos Mej\u00eda en el turno ma\u00f1ana y en el anexo de Gonzalez Cat\u00e1n en el turno noche<\/p>\n<p>Este curso nivelatorio est\u00e1 dise\u00f1ado para quienes no egresaron de las secundarias especializadas en m\u00fasica. Estos \u00faltimos \u00a0ingresan directamente a la carrera (FORMACI\u00d3N DE GRADO).<\/p>\n<p><strong>Para acceder a la carrera (FORMACI\u00d3N DE GRADO) es condici\u00f3n haber finalizado la escuela secundaria<\/strong><\/p>\n<p>Las fechas de inscripci\u00f2n se publican en el sitio web en el mes de septiembre<\/p>\n<p>Para conocer los requisitos y modalidad de inscripci\u00f3n, consultar el reglamento institucional<\/p>\n<h1>ESTRUCTURA CURRICULAR PROFESORADO DE M\u00daSICA ORIENTACI\u00d3N EDUCACI\u00d3N MUSICAL<\/h1>\n<table width=\"730\">\n<tbody>\n<tr>\n<td width=\"35\"><strong>A\u00f1o<\/strong><\/td>\n<td width=\"156\"><strong>Campos de Formaci\u00f3n<\/strong><\/td>\n<td width=\"36\"><strong>N\u00ba<\/strong><\/td>\n<td width=\"249\"><strong>Asignaturas<\/strong><\/td>\n<td width=\"92\"><strong>Horas<\/strong><\/td>\n<td width=\"92\"><strong>Posibilidad de acreditaci\u00f3n por:<\/strong><\/td>\n<td width=\"69\"><strong>Regular\/Libre<\/strong><\/td>\n<\/tr>\n<tr>\n<td width=\"35\"><strong>1<sup>er<\/sup><\/strong><\/td>\n<td width=\"156\"><strong><em>Espec\u00edfica<\/em><\/strong><\/td>\n<td width=\"36\">1<\/td>\n<td width=\"249\">Lenguaje Musical I<\/td>\n<td width=\"92\">128<\/td>\n<td width=\"92\">Promoci\u00f3n<\/td>\n<td width=\"69\">SI<\/td>\n<\/tr>\n<tr>\n<td width=\"35\"><\/td>\n<td width=\"156\"><strong>\u00a0<\/strong><\/td>\n<td width=\"36\">2<\/td>\n<td width=\"249\">Producci\u00f3n y An\u00e1lisis Musical I<\/td>\n<td width=\"92\">64<\/td>\n<td width=\"92\">Promoci\u00f3n<\/td>\n<td width=\"69\">NO<\/td>\n<\/tr>\n<tr>\n<td width=\"35\"><\/td>\n<td width=\"156\"><strong>\u00a0<\/strong><\/td>\n<td width=\"36\">3<\/td>\n<td width=\"249\">Instrumento Arm\u00f3nico I<\/td>\n<td width=\"92\">32<\/td>\n<td width=\"92\">Examen Final<\/td>\n<td width=\"69\">SI<\/td>\n<\/tr>\n<tr>\n<td width=\"35\"><\/td>\n<td width=\"156\"><strong>\u00a0<\/strong><\/td>\n<td width=\"36\">4<\/td>\n<td width=\"249\">Canto Colectivo I<\/td>\n<td width=\"92\">64<\/td>\n<td width=\"92\">Promoci\u00f3n<\/td>\n<td width=\"69\">NO<\/td>\n<\/tr>\n<tr>\n<td width=\"35\"><\/td>\n<td width=\"156\"><strong>\u00a0<\/strong><\/td>\n<td width=\"36\">5<\/td>\n<td width=\"249\">Percusi\u00f3n<\/td>\n<td width=\"92\">64<\/td>\n<td width=\"92\">Promoci\u00f3n<\/td>\n<td width=\"69\">NO<\/td>\n<\/tr>\n<tr>\n<td width=\"35\"><\/td>\n<td width=\"156\"><strong>\u00a0<\/strong><\/td>\n<td width=\"36\">6<\/td>\n<td width=\"249\">Trabajo Corporal<\/td>\n<td width=\"92\">64<\/td>\n<td width=\"92\">Promoci\u00f3n<\/td>\n<td width=\"69\">NO<\/td>\n<\/tr>\n<tr>\n<td width=\"35\"><\/td>\n<td width=\"156\"><strong><em>Pr\u00e1ctica Profesional<\/em><\/strong><\/td>\n<td width=\"36\">7<\/td>\n<td width=\"249\">Pr\u00e1ctica Docente I<\/td>\n<td width=\"92\">96<\/td>\n<td width=\"92\">Promoci\u00f3n<\/td>\n<td width=\"69\">NO<\/td>\n<\/tr>\n<tr>\n<td width=\"35\"><\/td>\n<td width=\"156\"><strong><em>General<\/em><\/strong><\/td>\n<td width=\"36\">8<\/td>\n<td width=\"249\">Fundamentos de la Educaci\u00f3n<\/td>\n<td width=\"92\">64<\/td>\n<td width=\"92\">Promoci\u00f3n<\/td>\n<td width=\"69\">SI<\/td>\n<\/tr>\n<tr>\n<td width=\"35\"><\/td>\n<td width=\"156\"><strong><em>\u00a0<\/em><\/strong><\/td>\n<td width=\"36\">9<\/td>\n<td width=\"249\">Psicolog\u00eda de la Educaci\u00f3n I<\/td>\n<td width=\"92\">64<\/td>\n<td width=\"92\">Promoci\u00f3n<\/td>\n<td width=\"69\">SI<\/td>\n<\/tr>\n<tr>\n<td width=\"35\"><\/td>\n<td width=\"156\"><strong>\u00a0<\/strong><\/td>\n<td width=\"36\">10<\/td>\n<td width=\"249\">Historia Social General<\/td>\n<td width=\"92\">64<\/td>\n<td width=\"92\">Promoci\u00f3n<\/td>\n<td width=\"69\">SI<\/td>\n<\/tr>\n<tr>\n<td width=\"35\"><strong>2<sup>do<\/sup><\/strong><\/td>\n<td width=\"156\"><strong><em>Espec\u00edfica<\/em><\/strong><\/td>\n<td width=\"36\">11<\/td>\n<td width=\"249\">Lenguaje Musical II<\/td>\n<td width=\"92\">128<\/td>\n<td width=\"92\">Promoci\u00f3n<\/td>\n<td width=\"69\">SI<\/td>\n<\/tr>\n<tr>\n<td width=\"35\"><\/td>\n<td width=\"156\"><strong>\u00a0<\/strong><\/td>\n<td width=\"36\">12<\/td>\n<td width=\"249\">Producci\u00f3n y An\u00e1lisis Musical II<\/td>\n<td width=\"92\">64<\/td>\n<td width=\"92\">Promoci\u00f3n<\/td>\n<td width=\"69\">NO<\/td>\n<\/tr>\n<tr>\n<td width=\"35\"><\/td>\n<td width=\"156\"><strong>\u00a0<\/strong><\/td>\n<td width=\"36\">13<\/td>\n<td width=\"249\">Historia de la M\u00fasica I<\/td>\n<td width=\"92\">64<\/td>\n<td width=\"92\">Promoci\u00f3n<\/td>\n<td width=\"69\">SI<\/td>\n<\/tr>\n<tr>\n<td width=\"35\"><\/td>\n<td width=\"156\"><strong>\u00a0<\/strong><\/td>\n<td width=\"36\">14<\/td>\n<td width=\"249\">Instrumento Arm\u00f3nico II<\/td>\n<td width=\"92\">32<\/td>\n<td width=\"92\">Promoci\u00f3n<\/td>\n<td width=\"69\">SI<\/td>\n<\/tr>\n<tr>\n<td width=\"35\"><\/td>\n<td width=\"156\"><strong>\u00a0<\/strong><\/td>\n<td width=\"36\">15<\/td>\n<td width=\"249\">Canto Colectivo II<\/td>\n<td width=\"92\">64<\/td>\n<td width=\"92\">Promoci\u00f3n<\/td>\n<td width=\"69\">NO<\/td>\n<\/tr>\n<tr>\n<td width=\"35\"><\/td>\n<td width=\"156\"><strong>\u00a0<\/strong><\/td>\n<td width=\"36\">16<\/td>\n<td width=\"249\">Conjuntos Vocales e Instrumentales I<\/td>\n<td width=\"92\">64<\/td>\n<td width=\"92\">Examen final<\/td>\n<td width=\"69\">NO<\/td>\n<\/tr>\n<tr>\n<td width=\"35\"><\/td>\n<td width=\"156\"><strong><em>Pr\u00e1ctica Profesional<\/em><\/strong><\/td>\n<td width=\"36\">17<\/td>\n<td width=\"249\">Pr\u00e1ctica Docente II<\/td>\n<td width=\"92\">96<\/td>\n<td width=\"92\">Examen final<\/td>\n<td width=\"69\">NO<\/td>\n<\/tr>\n<tr>\n<td width=\"35\"><\/td>\n<td width=\"156\"><strong><em>General<\/em><\/strong><\/td>\n<td width=\"36\">18<\/td>\n<td width=\"249\">Did\u00e1ctica General<\/td>\n<td width=\"92\">64<\/td>\n<td width=\"92\">Promoci\u00f3n<\/td>\n<td width=\"69\">SI<\/td>\n<\/tr>\n<tr>\n<td width=\"35\"><\/td>\n<td width=\"156\"><strong>\u00a0<\/strong><\/td>\n<td width=\"36\">19<\/td>\n<td width=\"249\">Psicolog\u00eda de la Educaci\u00f3n II<\/td>\n<td width=\"92\">64<\/td>\n<td width=\"92\">Promoci\u00f3n<\/td>\n<td width=\"69\">SI<\/td>\n<\/tr>\n<tr>\n<td width=\"35\"><\/td>\n<td width=\"156\"><strong>\u00a0<\/strong><\/td>\n<td width=\"36\">20<\/td>\n<td width=\"249\">Historia sociopol\u00edtica de Latinoam\u00e9rica y Argentina<\/td>\n<td width=\"92\">64<\/td>\n<td width=\"92\">Promoci\u00f3n<\/td>\n<td width=\"69\">SI<\/td>\n<\/tr>\n<tr>\n<td width=\"35\"><strong>3<sup>er<\/sup><\/strong><\/td>\n<td width=\"156\"><strong><em>Espec\u00edfica<\/em><\/strong><\/td>\n<td width=\"36\">21<\/td>\n<td width=\"249\">Lenguaje Musical III<\/td>\n<td width=\"92\">128<\/td>\n<td width=\"92\">Promoci\u00f3n<\/td>\n<td width=\"69\">SI<\/td>\n<\/tr>\n<tr>\n<td width=\"35\"><strong>\u00a0<\/strong><\/td>\n<td width=\"156\"><strong><em>\u00a0<\/em><\/strong><\/td>\n<td width=\"36\">22<\/td>\n<td width=\"249\">Historia de la M\u00fasica II<\/td>\n<td width=\"92\">64<\/td>\n<td width=\"92\">Promoci\u00f3n<\/td>\n<td width=\"69\">SI<\/td>\n<\/tr>\n<tr>\n<td width=\"35\"><strong>\u00a0<\/strong><\/td>\n<td width=\"156\"><strong><em>\u00a0<\/em><\/strong><\/td>\n<td width=\"36\">23<\/td>\n<td width=\"249\">Instrumento Arm\u00f3nico III<\/td>\n<td width=\"92\">32<\/td>\n<td width=\"92\">Promoci\u00f3n<\/td>\n<td width=\"69\">SI<\/td>\n<\/tr>\n<tr>\n<td width=\"35\"><strong>\u00a0<\/strong><\/td>\n<td width=\"156\"><strong><em>\u00a0<\/em><\/strong><\/td>\n<td width=\"36\">24<\/td>\n<td width=\"249\">Inform\u00e1tica y Medios Electroac\u00fasticos<\/td>\n<td width=\"92\">64<\/td>\n<td width=\"92\">Promoci\u00f3n<\/td>\n<td width=\"69\">SI<\/td>\n<\/tr>\n<tr>\n<td width=\"35\"><\/td>\n<td width=\"156\"><strong>\u00a0<\/strong><\/td>\n<td width=\"36\">25<\/td>\n<td width=\"249\">Conjuntos Vocales e Instrumentales II<\/td>\n<td width=\"92\">64<\/td>\n<td width=\"92\">Examen final<\/td>\n<td width=\"69\">NO<\/td>\n<\/tr>\n<tr>\n<td width=\"35\"><\/td>\n<td width=\"156\"><strong>\u00a0<\/strong><\/td>\n<td width=\"36\">26<\/td>\n<td width=\"249\">Did\u00e1ctica de la M\u00fasica I<\/td>\n<td width=\"92\">96<\/td>\n<td width=\"92\">Promoci\u00f3n<\/td>\n<td width=\"69\">SI<\/td>\n<\/tr>\n<tr>\n<td width=\"35\"><\/td>\n<td width=\"156\"><strong><em>Pr\u00e1ctica Profesional<\/em><\/strong><\/td>\n<td width=\"36\">27<\/td>\n<td width=\"249\">Pr\u00e1ctica Docente III<\/td>\n<td width=\"92\">128<\/td>\n<td width=\"92\">Examen final<\/td>\n<td width=\"69\">NO<\/td>\n<\/tr>\n<tr>\n<td width=\"35\"><\/td>\n<td width=\"156\"><strong><em>General<\/em><\/strong><\/td>\n<td width=\"36\">28<\/td>\n<td width=\"249\">Pol\u00edtica Educativa<\/td>\n<td width=\"92\">64<\/td>\n<td width=\"92\">Promoci\u00f3n<\/td>\n<td width=\"69\">SI<\/td>\n<\/tr>\n<tr>\n<td width=\"35\"><\/td>\n<td width=\"156\"><strong>\u00a0<\/strong><\/td>\n<td width=\"36\">29<\/td>\n<td width=\"249\">Teor\u00edas del Arte I<\/td>\n<td width=\"92\">64<\/td>\n<td width=\"92\">Promoci\u00f3n<\/td>\n<td width=\"69\">SI<\/td>\n<\/tr>\n<tr>\n<td width=\"35\"><strong>4<sup>to<\/sup> <\/strong><\/td>\n<td width=\"156\"><strong><em>Espec\u00edfica<\/em><\/strong><\/td>\n<td width=\"36\">30<\/td>\n<td width=\"249\">Lenguaje Musical IV<\/td>\n<td width=\"92\">128<\/td>\n<td width=\"92\">Promoci\u00f3n<\/td>\n<td width=\"69\">SI<\/td>\n<\/tr>\n<tr>\n<td width=\"35\"><strong>\u00a0<\/strong><\/td>\n<td width=\"156\"><strong><em>\u00a0<\/em><\/strong><\/td>\n<td width=\"36\">31<\/td>\n<td width=\"249\">Historia de la M\u00fasica III<\/td>\n<td width=\"92\">64<\/td>\n<td width=\"92\">Promoci\u00f3n<\/td>\n<td width=\"69\">SI<\/td>\n<\/tr>\n<tr>\n<td width=\"35\"><strong>\u00a0<\/strong><\/td>\n<td width=\"156\"><strong><em>\u00a0<\/em><\/strong><\/td>\n<td width=\"36\">32<\/td>\n<td width=\"249\">Instrumento Arm\u00f3nico IV<\/td>\n<td width=\"92\">32<\/td>\n<td width=\"92\">Examen final<\/td>\n<td width=\"69\">SI<\/td>\n<\/tr>\n<tr>\n<td width=\"35\"><strong>\u00a0<\/strong><\/td>\n<td width=\"156\"><strong><em>\u00a0<\/em><\/strong><\/td>\n<td width=\"36\">33<\/td>\n<td width=\"249\">Realizaci\u00f3n Musical-Esc\u00e9nica<\/td>\n<td width=\"92\">64<\/td>\n<td width=\"92\">Promoci\u00f3n<\/td>\n<td width=\"69\">NO<\/td>\n<\/tr>\n<tr>\n<td width=\"35\"><\/td>\n<td width=\"156\"><strong>\u00a0<\/strong><\/td>\n<td width=\"36\">34<\/td>\n<td width=\"249\">Did\u00e1ctica de la M\u00fasica II<\/td>\n<td width=\"92\">96<\/td>\n<td width=\"92\">Promoci\u00f3n<\/td>\n<td width=\"69\">SI<\/td>\n<\/tr>\n<tr>\n<td width=\"35\"><\/td>\n<td width=\"156\"><strong><em>Pr\u00e1ctica Profesional<\/em><\/strong><\/td>\n<td width=\"36\">35<\/td>\n<td width=\"249\">Pr\u00e1ctica Docente IV<\/td>\n<td width=\"92\">128<\/td>\n<td width=\"92\">Examen final<\/td>\n<td width=\"69\">NO<\/td>\n<\/tr>\n<tr>\n<td width=\"35\"><\/td>\n<td width=\"156\"><strong><em>General<\/em><\/strong><\/td>\n<td width=\"36\">36<\/td>\n<td width=\"249\">Teor\u00edas del Arte II<\/td>\n<td width=\"92\">64<\/td>\n<td width=\"92\">Promoci\u00f3n<\/td>\n<td width=\"69\">SI<\/td>\n<\/tr>\n<tr>\n<td width=\"35\"><\/td>\n<td width=\"156\"><strong>\u00a0<\/strong><\/td>\n<td width=\"36\">37<\/td>\n<td width=\"249\">Metodolog\u00eda de la Investigaci\u00f3n en Artes<\/td>\n<td width=\"92\">96<\/td>\n<td width=\"92\">Examen final<\/td>\n<td width=\"69\">NO<\/td>\n<\/tr>\n<tr>\n<td width=\"35\"><\/td>\n<td width=\"156\"><strong>\u00a0<\/strong><\/p>\n<p><strong>Institucional<\/strong><\/p>\n<p><strong>\u00a0<\/strong><\/p>\n<p><strong>\u00a0<\/strong><\/p>\n<p><strong>\u00a0<\/strong><\/td>\n<td width=\"36\"><strong>\u00a0<\/strong><\/td>\n<td width=\"249\"><strong>Espacios de Definici\u00f3n Institucional<\/strong><\/p>\n<p><strong>Estos espacios podr\u00e1n cursarse en cualquier momento de la carrera. Se sugiere cursar, por lo menos 1 EDI al a\u00f1o<\/strong><\/td>\n<td width=\"92\"><strong>256 (corresponde a un total de 4 (cuatro) EDIs de 64 anuales hs cada uno<\/strong><\/td>\n<td width=\"92\"><strong>Los ex\u00e1menes finales pueden realizarse mediante muestras, audiciones, ponencias, etc<\/strong><\/td>\n<td width=\"69\"><strong>NO<\/strong><\/td>\n<\/tr>\n<tr>\n<td colspan=\"2\" width=\"191\"><strong>37 ASIGNATURAS + EDI<\/strong><\/td>\n<td width=\"36\"><\/td>\n<td width=\"249\">HORAS TOTALES:<\/td>\n<td width=\"92\">3040<\/td>\n<td width=\"92\"><\/td>\n<td width=\"69\"><\/td>\n<\/tr>\n<\/tbody>\n<\/table>\n<h1>CORRELATIVIDADES<\/h1>\n<p><strong>Primer A\u00f1o <\/strong><\/p>\n<table width=\"643\">\n<tbody>\n<tr>\n<td width=\"39\"><strong>N\u00ba<\/strong><\/td>\n<td width=\"256\"><strong>MATERIA<\/strong><\/td>\n<td width=\"348\"><strong>CORRELATIVAS<\/strong><\/td>\n<\/tr>\n<tr>\n<td width=\"39\">1<\/td>\n<td width=\"256\">Lenguaje musical I<\/td>\n<td width=\"348\">Instrumento Arm\u00f3nico (FOBA) Lenguaje\u00a0 Musical (FOBA)\u00a0 Apreciaci\u00f3n Musical II. FOBA)<\/td>\n<\/tr>\n<tr>\n<td width=\"39\">2<\/td>\n<td width=\"256\">Producci\u00f3n y an\u00e1lisis musical I<\/td>\n<td width=\"348\">Instrumento Arm\u00f3nico (FOBA) Lenguaje\u00a0 Musical (FOBA) Apreciaci\u00f3n Musical II (FOBA)<\/td>\n<\/tr>\n<tr>\n<td width=\"39\">3<\/td>\n<td width=\"256\">Instrumento arm\u00f3nico I<\/td>\n<td width=\"348\">Instrumento Arm\u00f3nico (FOBA)<\/td>\n<\/tr>\n<tr>\n<td width=\"39\">4<\/td>\n<td width=\"256\">Canto colectivo I<\/td>\n<td width=\"348\">Pr\u00e1ctica Coral (FOBA)<\/td>\n<\/tr>\n<tr>\n<td width=\"39\">5<\/td>\n<td width=\"256\">Percusi\u00f3n<\/td>\n<td width=\"348\">Pr\u00e1ctica de Conjunto Vocal e Instrumental II (FOBA)<\/td>\n<\/tr>\n<tr>\n<td width=\"39\">6<\/td>\n<td width=\"256\">Trabajo Corporal<\/td>\n<td width=\"348\">Lenguaje Musical\u00a0 (FOBA)<\/td>\n<\/tr>\n<tr>\n<td width=\"39\">7<\/td>\n<td width=\"256\">Pr\u00e1ctica Docente I<\/td>\n<td width=\"348\">FOBA COMPLETO<\/td>\n<\/tr>\n<tr>\n<td width=\"39\">8<\/td>\n<td width=\"256\">Fundamentos de la Educaci\u00f3n<\/td>\n<td width=\"348\">FOBA COMPLETO<\/td>\n<\/tr>\n<tr>\n<td width=\"39\">9<\/td>\n<td width=\"256\">Psicolog\u00eda de la Educaci\u00f3n I<\/td>\n<td width=\"348\">FOBA COMPLETO<\/td>\n<\/tr>\n<tr>\n<td width=\"39\">10<\/td>\n<td width=\"256\">Historia Social General<\/td>\n<td width=\"348\">FOBA COMPLETO<\/td>\n<\/tr>\n<\/tbody>\n<\/table>\n<p><strong>Segundo A\u00f1o<\/strong><\/p>\n<table width=\"643\">\n<tbody>\n<tr>\n<td width=\"39\">1<\/td>\n<td width=\"257\">Lenguaje musical II<\/td>\n<td width=\"348\">Lenguaje musical I; Instrumento arm\u00f3nico I<\/td>\n<\/tr>\n<tr>\n<td width=\"39\">2<\/td>\n<td width=\"257\">Producci\u00f3n y an\u00e1lisis musical II<\/td>\n<td width=\"348\">Producci\u00f3n y an\u00e1lisis musical I<\/td>\n<\/tr>\n<tr>\n<td width=\"39\">3<\/td>\n<td width=\"257\">Historia de la m\u00fasica I<\/td>\n<td width=\"348\">Lenguaje musical I<\/td>\n<\/tr>\n<tr>\n<td width=\"39\">4<\/td>\n<td width=\"257\">Instrumento arm\u00f3nico II<\/td>\n<td width=\"348\">Instrumento arm\u00f3nico I<\/td>\n<\/tr>\n<tr>\n<td width=\"39\">5<\/td>\n<td width=\"257\">Canto colectivo II<\/td>\n<td width=\"348\">Canto colectivo I<\/td>\n<\/tr>\n<tr>\n<td width=\"39\">6<\/td>\n<td width=\"257\">Conjuntos vocales e instrumentales I<\/td>\n<td width=\"348\">Producci\u00f3n y an\u00e1lisis musical I<\/td>\n<\/tr>\n<tr>\n<td width=\"39\">7<\/td>\n<td width=\"257\">Pr\u00e1ctica Docente II<\/td>\n<td width=\"348\">Pr\u00e1ctica Docente I; Fundamentos de la educaci\u00f3n; Psicolog\u00eda de la Educaci\u00f3n I<\/td>\n<\/tr>\n<tr>\n<td width=\"39\">8<\/td>\n<td width=\"257\">Did\u00e1ctica General<\/td>\n<td width=\"348\">Fundamentos de la Educaci\u00f3n; Psicolog\u00eda de la Educaci\u00f3n I<\/td>\n<\/tr>\n<tr>\n<td width=\"39\">9<\/td>\n<td width=\"257\">Psicolog\u00eda de la Educaci\u00f3n II<\/td>\n<td width=\"348\">Psicolog\u00eda\u00a0 de la Educaci\u00f3n I; Fundamentos de la Educaci\u00f3n<\/td>\n<\/tr>\n<tr>\n<td width=\"39\">10<\/td>\n<td width=\"257\">Historia Sociopol\u00edtica de Latinoam\u00e9rica y Argentina<\/td>\n<td width=\"348\">Historia Social General<\/td>\n<\/tr>\n<\/tbody>\n<\/table>\n<p><strong>Tercer A\u00f1o<\/strong><\/p>\n<table width=\"643\">\n<tbody>\n<tr>\n<td width=\"39\">1<\/td>\n<td width=\"257\">Lenguaje musical III<\/td>\n<td width=\"348\">Lenguaje musical II; Instrumento arm\u00f3nico II<\/td>\n<\/tr>\n<tr>\n<td width=\"39\">2<\/td>\n<td width=\"257\">Historia de la m\u00fasica II<\/td>\n<td width=\"348\">Historia de la m\u00fasica I<\/td>\n<\/tr>\n<tr>\n<td width=\"39\">3<\/td>\n<td width=\"257\">Instrumento arm\u00f3nico III<\/td>\n<td width=\"348\">Instrumento arm\u00f3nico II; Lenguaje musical I<\/td>\n<\/tr>\n<tr>\n<td width=\"39\">4<\/td>\n<td width=\"257\">Inform\u00e1tica y medios electroac\u00fasticos<\/td>\n<td width=\"348\">Lenguaje musical I<\/td>\n<\/tr>\n<tr>\n<td width=\"39\">5<\/td>\n<td width=\"257\">Conjuntos vocales e instrumentales II<\/td>\n<td width=\"348\">Conjuntos vocales e instrumentales I<\/td>\n<\/tr>\n<tr>\n<td width=\"39\">6<\/td>\n<td width=\"257\">Did\u00e1ctica de la M\u00fasica I<\/td>\n<td width=\"348\">Did\u00e1ctica General; Psicolog\u00eda de la Educaci\u00f3n II; Pr\u00e1ctica Docente II<\/td>\n<\/tr>\n<tr>\n<td width=\"39\">7<\/td>\n<td width=\"257\">Pr\u00e1ctica Docente III*<\/td>\n<td width=\"348\">Segundo a\u00f1o completo<\/td>\n<\/tr>\n<tr>\n<td width=\"39\">8<\/td>\n<td width=\"257\">Pol\u00edtica Educativa<\/td>\n<td width=\"348\">Did\u00e1ctica General; Historia Sociopol\u00edtica de Latinoam\u00e9rica y Argentina<\/td>\n<\/tr>\n<tr>\n<td width=\"39\">9<\/td>\n<td width=\"257\">Teor\u00edas del arte I<\/td>\n<td width=\"348\">Historia sociopol\u00edtica de Latinoam\u00e9rica y Argentina; Historia de la M\u00fasica I.<\/td>\n<\/tr>\n<\/tbody>\n<\/table>\n<p><strong>Cuarto A\u00f1o <\/strong><\/p>\n<table width=\"643\">\n<tbody>\n<tr>\n<td width=\"39\">1<\/td>\n<td width=\"257\">Lenguaje musical IV<\/td>\n<td width=\"348\">Lenguaje musical III; Instrumento arm\u00f3nico III<\/td>\n<\/tr>\n<tr>\n<td width=\"39\">2<\/td>\n<td width=\"257\">Historia de la m\u00fasica III<\/td>\n<td width=\"348\">Historia de la m\u00fasica II<\/td>\n<\/tr>\n<tr>\n<td width=\"39\">3<\/td>\n<td width=\"257\">Instrumento arm\u00f3nico IV<\/td>\n<td width=\"348\">Instrumento arm\u00f3nico III; Lenguaje musical III<\/td>\n<\/tr>\n<tr>\n<td width=\"39\">4<\/td>\n<td width=\"257\">Realizaci\u00f3n musical-esc\u00e9nica<\/td>\n<td width=\"348\">Producci\u00f3n y an\u00e1lisis musical II; Conjuntos vocales e instrumentales I; Trabajo Corporal; Canto colectivo II.<\/td>\n<\/tr>\n<tr>\n<td width=\"39\">5<\/td>\n<td width=\"257\">Did\u00e1ctica de la M\u00fasica II<\/td>\n<td width=\"348\">Did\u00e1ctica de la M\u00fasica I; Pol\u00edtica Educativa; Pr\u00e1ctica Docente III<\/td>\n<\/tr>\n<tr>\n<td width=\"39\">6<\/td>\n<td width=\"257\">Pr\u00e1ctica Docente IV*<\/td>\n<td width=\"348\">Tercer a\u00f1o completo<\/td>\n<\/tr>\n<tr>\n<td width=\"39\">7<\/td>\n<td width=\"257\">Teor\u00edas del arte II<\/td>\n<td width=\"348\">Teor\u00edas del arte I; Historia de la M\u00fasica II<\/td>\n<\/tr>\n<tr>\n<td width=\"39\">8<\/td>\n<td width=\"257\">Metodolog\u00eda de la investigaci\u00f3n en Artes<\/td>\n<td width=\"348\">Teor\u00edas del arte I; Historia de la M\u00fasica II<\/td>\n<\/tr>\n<\/tbody>\n<\/table>\n<p><strong>* Para cursar Pr\u00e1ctica Docente III y IV, el alumno deber\u00e1 cursar en paralelo la Did\u00e1ctica espec\u00edfica del nivel o tener la cursada de la misma aprobada.<\/strong><\/p>\n","protected":false},"excerpt":{"rendered":"<p>PROFESORADO DE MUSICA ORIENTACION EDUCACION MUSICAL El\u00a0Profesorado en M\u00fasica orientaci\u00f3n Educaci\u00f3n Musical\u00a0tiene como objetivo principal formar\u00a0m\u00fasicos docentes\u00a0con s\u00f3lidos conocimientos pedag\u00f3gicos,\u00a0atentos a los cambios y transformaciones propios de nuestra\u00a0tarea cotidiana y comprometidos con la realidad sociocultural de nuestro pa\u00eds, con un perfil abierto a las necesidades de los\/as otros\/as en el mundo que nos toca transitar. &#8230; <a title=\"Profesorado de M\u00fasica orientaci\u00f3n Educaci\u00f3n Musical\" class=\"read-more\" href=\"https:\/\/eaic-bue.infd.edu.ar\/sitio\/10-profesorado-de-musica-orientacion-educacion-musical\/\" aria-label=\"More on Profesorado de M\u00fasica orientaci\u00f3n Educaci\u00f3n Musical\">[+]<\/a><\/p>\n","protected":false},"author":2201,"featured_media":0,"parent":0,"menu_order":0,"comment_status":"closed","ping_status":"closed","template":"","meta":[],"acf":[],"_links":{"self":[{"href":"https:\/\/eaic-bue.infd.edu.ar\/sitio\/wp-json\/wp\/v2\/pages\/2115"}],"collection":[{"href":"https:\/\/eaic-bue.infd.edu.ar\/sitio\/wp-json\/wp\/v2\/pages"}],"about":[{"href":"https:\/\/eaic-bue.infd.edu.ar\/sitio\/wp-json\/wp\/v2\/types\/page"}],"author":[{"embeddable":true,"href":"https:\/\/eaic-bue.infd.edu.ar\/sitio\/wp-json\/wp\/v2\/users\/2201"}],"replies":[{"embeddable":true,"href":"https:\/\/eaic-bue.infd.edu.ar\/sitio\/wp-json\/wp\/v2\/comments?post=2115"}],"version-history":[{"count":3,"href":"https:\/\/eaic-bue.infd.edu.ar\/sitio\/wp-json\/wp\/v2\/pages\/2115\/revisions"}],"predecessor-version":[{"id":4455,"href":"https:\/\/eaic-bue.infd.edu.ar\/sitio\/wp-json\/wp\/v2\/pages\/2115\/revisions\/4455"}],"wp:attachment":[{"href":"https:\/\/eaic-bue.infd.edu.ar\/sitio\/wp-json\/wp\/v2\/media?parent=2115"}],"curies":[{"name":"wp","href":"https:\/\/api.w.org\/{rel}","templated":true}]}}