{"id":2785,"date":"2020-03-16T22:06:39","date_gmt":"2020-03-17T01:06:39","guid":{"rendered":"https:\/\/eaic-bue.infd.edu.ar\/sitio\/?page_id=2785"},"modified":"2020-04-22T20:15:11","modified_gmt":"2020-04-22T23:15:11","slug":"progresar","status":"publish","type":"page","link":"https:\/\/eaic-bue.infd.edu.ar\/sitio\/progresar\/","title":{"rendered":"PROGRESAR"},"content":{"rendered":"<p>22\/4\/20<\/p>\n<h4><strong>IMPORTANTE para quienes hayan gestionado el PROGRESAR:<\/strong><\/h4>\n<p>Quienes hayan enviado el comprobante de inscripci\u00f3n <strong>entre el 1\/3 al 21\/4 de 2020<\/strong> ya est\u00e1n ingresados en el sistema y solo deber\u00e1n esperar que ANSES acredite el pago<\/p>\n<p>Quienes a\u00fan no lo hayan enviado deber\u00e1n hacerlo <span style=\"color: #ff0000;\"><strong>ANTES DEL 5\/5\/20<\/strong><\/span> (enviarlo por WhatsApp a Liliana &#8211; 1162522134)<\/p>\n<hr \/>\n<p>&nbsp;<\/p>\n<p><strong>COMUNICACI\u00d3N 2\/4\/20 &#8211; <\/strong>Para los estudiantes de\u00a0educaci\u00f3n superior\u00a0la inscripci\u00f3n es \u00fanicamente a trav\u00e9s de<u>\u00a0<\/u><strong><a href=\"https:\/\/progresar.educacion.gob.ar\/\" target=\"_blank\" rel=\"noopener noreferrer\" data-saferedirecturl=\"https:\/\/www.google.com\/url?q=https:\/\/progresar.educacion.gob.ar\/&amp;source=gmail&amp;ust=1585947248557000&amp;usg=AFQjCNHn9LLWSylMB6aSh0TybXwM3cy1Ow\">https:\/\/progresar.<wbr \/>educacion.gob.ar\/<\/a><\/strong><\/p>\n<p style=\"text-align: center;\"><strong><span style=\"color: #ff0000;\">Deber\u00e1n hacerlo antes del 6\/4\/20\u00a0<\/span>&#8211; <a href=\"https:\/\/drive.google.com\/file\/d\/1sWRJ-jm647ipl_PIck4gS1fZ7SZ1ZmcZ\/view?usp=sharing\">BECAS &#8211; CLIC AQU\u00cd<\/a><\/strong><\/p>\n<hr \/>\n<p>Quienes necesiten tramitar el <strong>PROGRESAR<\/strong> no es necesario que vengan a la escuela. Comunicarse con <strong>Liliana<\/strong> al siguiente tel\u00e9fono: <strong>1162522134<\/strong><\/p>\n","protected":false},"excerpt":{"rendered":"<p>22\/4\/20 IMPORTANTE para quienes hayan gestionado el PROGRESAR: Quienes hayan enviado el comprobante de inscripci\u00f3n entre el 1\/3 al 21\/4 de 2020 ya est\u00e1n ingresados en el sistema y solo deber\u00e1n esperar que ANSES acredite el pago Quienes a\u00fan no lo hayan enviado deber\u00e1n hacerlo ANTES DEL 5\/5\/20 (enviarlo por WhatsApp a Liliana &#8211; 1162522134) &#8230; <a title=\"PROGRESAR\" class=\"read-more\" href=\"https:\/\/eaic-bue.infd.edu.ar\/sitio\/progresar\/\" aria-label=\"More on PROGRESAR\">[+]<\/a><\/p>\n","protected":false},"author":2201,"featured_media":0,"parent":0,"menu_order":0,"comment_status":"closed","ping_status":"closed","template":"","meta":[],"acf":[],"_links":{"self":[{"href":"https:\/\/eaic-bue.infd.edu.ar\/sitio\/wp-json\/wp\/v2\/pages\/2785"}],"collection":[{"href":"https:\/\/eaic-bue.infd.edu.ar\/sitio\/wp-json\/wp\/v2\/pages"}],"about":[{"href":"https:\/\/eaic-bue.infd.edu.ar\/sitio\/wp-json\/wp\/v2\/types\/page"}],"author":[{"embeddable":true,"href":"https:\/\/eaic-bue.infd.edu.ar\/sitio\/wp-json\/wp\/v2\/users\/2201"}],"replies":[{"embeddable":true,"href":"https:\/\/eaic-bue.infd.edu.ar\/sitio\/wp-json\/wp\/v2\/comments?post=2785"}],"version-history":[{"count":5,"href":"https:\/\/eaic-bue.infd.edu.ar\/sitio\/wp-json\/wp\/v2\/pages\/2785\/revisions"}],"predecessor-version":[{"id":3271,"href":"https:\/\/eaic-bue.infd.edu.ar\/sitio\/wp-json\/wp\/v2\/pages\/2785\/revisions\/3271"}],"wp:attachment":[{"href":"https:\/\/eaic-bue.infd.edu.ar\/sitio\/wp-json\/wp\/v2\/media?parent=2785"}],"curies":[{"name":"wp","href":"https:\/\/api.w.org\/{rel}","templated":true}]}}