{"id":4045,"date":"2022-03-13T19:06:55","date_gmt":"2022-03-13T22:06:55","guid":{"rendered":"https:\/\/eaic-bue.infd.edu.ar\/sitio\/?page_id=4045"},"modified":"2024-02-13T17:03:21","modified_gmt":"2024-02-13T20:03:21","slug":"lic-en-didactica-de-la-musica-una-convenio","status":"publish","type":"page","link":"https:\/\/eaic-bue.infd.edu.ar\/sitio\/lic-en-didactica-de-la-musica-una-convenio\/","title":{"rendered":"CONVENIO UNA &#8211; Lic. en Did\u00e1ctica de la M\u00fasica &#8211; UNA"},"content":{"rendered":"\n<p><strong>Egresadxs del PROFESORADO DE EDUCACI\u00d3N MUSICAL de la Escuela de Arte Nro 1 Leopoldo Marechal:<\/strong><\/p>\n\n\n\n<p>Tenemos el agrado y orgullo de contarles que nuestra instituci\u00f3n ha realizado un convenio con el departamento de Artes Musicales y Sonoras de la UNA. El mismo consiste en la complementaci\u00f3n curricular de La <strong>Licenciatura en Did\u00e1ctica de la &nbsp;M\u00fasica<\/strong>.<\/p>\n\n\n\n<p>Dicha licenciatura se postula como un trayecto curricular en el cual la reflexi\u00f3n sobre la praxis educativa en arte se configura como un laboratorio de ideas, enfoques y metodolog\u00eda vinculado tanto al contexto social regional y nacional como &nbsp;&nbsp;&nbsp;latinoamericano.<\/p>\n\n\n\n<p>El hecho de estructurarse como Carrera de complementaci\u00f3n curricular, implica una s\u00f3lida formaci\u00f3n acad\u00e9mica previa acreditada a trav\u00e9s de una titulaci\u00f3n de profesorado especializado en m\u00fasica, permite formas de cursado m\u00e1s din\u00e1micas acordes a las nuevas modalidades de ense\u00f1anza, las cuales se materializan en seminarios y talleres de actualizaci\u00f3n, investigaci\u00f3n e innovaci\u00f3n pedag\u00f3gica.<\/p>\n\n\n\n<p>Desde un campo de estudio especializado en el \u00e1mbito educativo musical esta oferta acad\u00e9mica da respuesta a una demanda de perfeccionamiento y actualizaci\u00f3n que posibilita a los\/las profesionales de la educaci\u00f3n la continuidad de sus estudios hacia el nivel cuaternario.<\/p>\n\n\n\n<p class=\"has-text-align-center\"><strong><a href=\"https:\/\/docs.google.com\/forms\/d\/e\/1FAIpQLSdzxNhyanjZTxmvoUff_kT-E2wa88GN2V0sxXlEq3WE4mLE2Q\/viewform\">PARA INSCRIBIRSE EN ESTA LICENCIATURA CLICK AQU\u00cd<\/a><\/strong><\/p>\n\n\n\n<p class=\"has-text-align-center\"><strong><a href=\"https:\/\/docs.google.com\/document\/d\/1y_if_VZ9NA309Sks_tBAq8JiiroA2JLD\/edit?usp=sharing&amp;ouid=112453563249789430691&amp;rtpof=true&amp;sd=true\">Para ver condiciones de ingeso, caja curricular y perfil del egresadx, CLICK AQU\u00cd<\/a><\/strong><\/p>\n\n\n\n<p>Equipo Directivo<\/p>\n","protected":false},"excerpt":{"rendered":"<p>Egresadxs del PROFESORADO DE EDUCACI\u00d3N MUSICAL de la Escuela de Arte Nro 1 Leopoldo Marechal: Tenemos el agrado y orgullo de contarles que nuestra instituci\u00f3n ha realizado un convenio con el departamento de Artes Musicales y Sonoras de la UNA. El mismo consiste en la complementaci\u00f3n curricular de La Licenciatura en Did\u00e1ctica de la &nbsp;M\u00fasica. &#8230; <a title=\"CONVENIO UNA &#8211; Lic. en Did\u00e1ctica de la M\u00fasica &#8211; UNA\" class=\"read-more\" href=\"https:\/\/eaic-bue.infd.edu.ar\/sitio\/lic-en-didactica-de-la-musica-una-convenio\/\" aria-label=\"More on CONVENIO UNA &#8211; Lic. en Did\u00e1ctica de la M\u00fasica &#8211; UNA\">[+]<\/a><\/p>\n","protected":false},"author":2201,"featured_media":0,"parent":0,"menu_order":0,"comment_status":"closed","ping_status":"closed","template":"","meta":[],"acf":[],"_links":{"self":[{"href":"https:\/\/eaic-bue.infd.edu.ar\/sitio\/wp-json\/wp\/v2\/pages\/4045"}],"collection":[{"href":"https:\/\/eaic-bue.infd.edu.ar\/sitio\/wp-json\/wp\/v2\/pages"}],"about":[{"href":"https:\/\/eaic-bue.infd.edu.ar\/sitio\/wp-json\/wp\/v2\/types\/page"}],"author":[{"embeddable":true,"href":"https:\/\/eaic-bue.infd.edu.ar\/sitio\/wp-json\/wp\/v2\/users\/2201"}],"replies":[{"embeddable":true,"href":"https:\/\/eaic-bue.infd.edu.ar\/sitio\/wp-json\/wp\/v2\/comments?post=4045"}],"version-history":[{"count":4,"href":"https:\/\/eaic-bue.infd.edu.ar\/sitio\/wp-json\/wp\/v2\/pages\/4045\/revisions"}],"predecessor-version":[{"id":4406,"href":"https:\/\/eaic-bue.infd.edu.ar\/sitio\/wp-json\/wp\/v2\/pages\/4045\/revisions\/4406"}],"wp:attachment":[{"href":"https:\/\/eaic-bue.infd.edu.ar\/sitio\/wp-json\/wp\/v2\/media?parent=4045"}],"curies":[{"name":"wp","href":"https:\/\/api.w.org\/{rel}","templated":true}]}}