{"id":793,"date":"2018-08-29T18:51:49","date_gmt":"2018-08-29T21:51:49","guid":{"rendered":"https:\/\/eaic-bue.infd.edu.ar\/sitio\/profesorado-en-artes-visuales\/"},"modified":"2025-10-28T16:31:10","modified_gmt":"2025-10-28T19:31:10","slug":"profesorado-en-artes-visuales","status":"publish","type":"page","link":"https:\/\/eaic-bue.infd.edu.ar\/sitio\/profesorado-en-artes-visuales\/","title":{"rendered":"Profesorado en Artes Visuales"},"content":{"rendered":"<p><span style=\"font-family: 'comic sans ms', sans-serif; font-size: 12pt;\">El <span style=\"color: #0000ff;\"><strong>PROFESORADO EN ARTES VISUALES<\/strong><\/span> forma docentes especializados en la ense\u00f1anza del arte en los distintos niveles de la ense\u00f1anza obligatoria,\u00a0con s\u00f3lidos conocimientos pedag\u00f3gicos,\u00a0atentos a los cambios y transformaciones propios de nuestra\u00a0tarea cotidiana y comprometidos con la realidad sociocultural de nuestro pa\u00eds, con un perfil abierto a las necesidades de los otros en el mundo que nos toca transitar.<\/span><\/p>\n<p><span style=\"font-family: 'comic sans ms', sans-serif; font-size: 12pt;\">Las orientaciones de este profesorado son:<\/span><\/p>\n<p><span style=\"font-family: 'comic sans ms', sans-serif; font-size: 12pt;\">&#8211; <span style=\"color: #0000ff;\"><strong>Escultura<\/strong><\/span><\/span><\/p>\n<p><span style=\"color: #0000ff;\"><strong><span style=\"font-family: 'comic sans ms', sans-serif; font-size: 12pt;\">&#8211; Pintura<\/span><\/strong><\/span><\/p>\n<p><span style=\"color: #0000ff;\"><strong><span style=\"font-family: 'comic sans ms', sans-serif; font-size: 12pt;\">&#8211; Grabado<\/span><\/strong><\/span><\/p>\n<p><span style=\"font-family: 'comic sans ms', sans-serif; font-size: 12pt;\"><strong>Este profesorado se cursa solo en la sede de Isidro Casanova (Juan Manuel de Rosas 5975, Ruta 3, km 21) en los turnos ma\u00f1ana, tarde o noche<\/strong><\/span><\/p>\n<h4>Las PRE-INSCRIPCIONES comenzar\u00e1n en NOVIEMBRE a trav\u00e9s del sistema SIU GUARANI implementado por las Direcciones de Educaci\u00f3n Superior de la Provincia<\/h4>\n<p>FECHA DE INSCRIPCI\u00d3N: <strong>7 DE NOVIEMBRE A PARTIR DE LAS 9 HS<\/strong><\/p>\n<p>DESCARGAR INSTRUCTIVO AQU\u00cd <a href=\"https:\/\/drive.google.com\/file\/d\/1pxksoqNQ9fa-8V0IMDsbDw-EA9BYO0xK\/view?usp=sharing\"><strong>(CLICK AQU\u00cd)<\/strong><\/a><\/p>\n<p>____________________________________________________________________________________________________________________________________<\/p>\n<h4 style=\"text-align: center;\"><strong>REQUISITOS PARA EL INGRESO:<\/strong><\/h4>\n<p><span style=\"font-family: 'comic sans ms', sans-serif; font-size: 12pt;\">&#8211; Tener 18 a\u00f1os.<\/span><\/p>\n<p><span style=\"font-family: 'comic sans ms', sans-serif; font-size: 12pt;\">&#8211; Tener el t\u00edtulo secundario, constancia de t\u00edtulo en tr\u00e1mite. En el caso de adeudar materias del secundario, las mismas deber\u00e1n estar aprobadas antes del 31 de mayo para poder continuar la carrera.<\/span><\/p>\n<h5><strong>DOCUMENTACI\u00d3N A PRESENTAR EL D\u00cdA DE LA <span style=\"color: #ff0000;\">INSCRIPCI\u00d3N DEFINITIVA (fecha a confirmar)<\/span><\/strong><\/h5>\n<ul>\n<li>T\u00edtulo secundario, constancia de t\u00edtulo en tr\u00e1mite.<\/li>\n<li>DNI<\/li>\n<li>Certificado de vacuna antitet\u00e1nica actualizado<\/li>\n<li><strong><a href=\"https:\/\/drive.google.com\/file\/d\/1yojhmg1WOlnbCKBZs3xr8ej3eJAyYfYs\/view?usp=sharing\">Certificado de salud (firmado por cualquier m\u00e9dico que indique que est\u00e1s en condiciones de cursar en el establecimiento)<\/a> <a href=\"https:\/\/drive.google.com\/file\/d\/1yojhmg1WOlnbCKBZs3xr8ej3eJAyYfYs\/view?usp=sharing\">CLICK AQU\u00cd<\/a><\/strong><\/li>\n<li>Bono contribuci\u00f3n cooperadora $30.000 POR \u00daNICA VEZ<\/li>\n<li>En el caso de menores de 18 a\u00f1os deber\u00e1n estar acompa\u00f1ados por madre\/padre, o tutor\/a responsable y firmar autorizaci\u00f3n. <a href=\"https:\/\/drive.google.com\/file\/d\/1p-ZlzNZcP-A8nDKqh74OGBOFDrrMoIua\/view?usp=sharing\"><strong>(CLICK AQU\u00cd PARA DESCARGAR AUTORIZACI\u00d3N MENORES DE 18 A\u00d1OS)<\/strong><\/a><\/li>\n<\/ul>\n<p><span style=\"font-family: 'comic sans ms', sans-serif; font-size: 12pt;\">Para conocer el Plan de estudios del Profesorado de Artes Visuales, presion\u00e1 el siguiente link:<\/span><\/p>\n<p style=\"text-align: center;\"><a href=\"https:\/\/drive.google.com\/file\/d\/1T1H-rAzSPkPu-W2mSG4Duiylnpp-AM0Y\/view\"><strong><span style=\"font-family: 'comic sans ms', sans-serif; font-size: 12pt;\">PLAN DE ESTUDIOS- PROFESORADO DE ARTES VISUALES Resoluci\u00f3n 887\/11<\/span><\/strong><\/a><\/p>\n<p style=\"text-align: center;\"><a href=\"https:\/\/drive.google.com\/file\/d\/1X3DgVLeG3cVXlYbB7rvM-huJF7vAsMNT\/view?usp=sharing\"><strong>ESTRUCTURA CURRICULAR Y FORMAS DE ACREDITACION\u00a0<\/strong><\/a><\/p>\n<p style=\"text-align: center;\"><a href=\"https:\/\/drive.google.com\/file\/d\/15NbPhz0ZVrymPVAabQuFwsxeRPJ7rDqe\/view?usp=sharing\"><strong>CORRELATIVIDADES \u2013 descargar AQU\u00cd<\/strong><\/a><\/p>\n<p><span style=\"font-family: 'comic sans ms', sans-serif; font-size: 12pt;\">\u00a0<\/span><\/p>\n<p><span style=\"font-family: 'comic sans ms', sans-serif;\">\u00a0<\/span><\/p>\n","protected":false},"excerpt":{"rendered":"<p>El PROFESORADO EN ARTES VISUALES forma docentes especializados en la ense\u00f1anza del arte en los distintos niveles de la ense\u00f1anza obligatoria,\u00a0con s\u00f3lidos conocimientos pedag\u00f3gicos,\u00a0atentos a los cambios y transformaciones propios de nuestra\u00a0tarea cotidiana y comprometidos con la realidad sociocultural de nuestro pa\u00eds, con un perfil abierto a las necesidades de los otros en el mundo &#8230; <a title=\"Profesorado en Artes Visuales\" class=\"read-more\" href=\"https:\/\/eaic-bue.infd.edu.ar\/sitio\/profesorado-en-artes-visuales\/\" aria-label=\"More on Profesorado en Artes Visuales\">[+]<\/a><\/p>\n","protected":false},"author":68,"featured_media":0,"parent":0,"menu_order":0,"comment_status":"closed","ping_status":"closed","template":"","meta":[],"acf":[],"_links":{"self":[{"href":"https:\/\/eaic-bue.infd.edu.ar\/sitio\/wp-json\/wp\/v2\/pages\/793"}],"collection":[{"href":"https:\/\/eaic-bue.infd.edu.ar\/sitio\/wp-json\/wp\/v2\/pages"}],"about":[{"href":"https:\/\/eaic-bue.infd.edu.ar\/sitio\/wp-json\/wp\/v2\/types\/page"}],"author":[{"embeddable":true,"href":"https:\/\/eaic-bue.infd.edu.ar\/sitio\/wp-json\/wp\/v2\/users\/68"}],"replies":[{"embeddable":true,"href":"https:\/\/eaic-bue.infd.edu.ar\/sitio\/wp-json\/wp\/v2\/comments?post=793"}],"version-history":[{"count":17,"href":"https:\/\/eaic-bue.infd.edu.ar\/sitio\/wp-json\/wp\/v2\/pages\/793\/revisions"}],"predecessor-version":[{"id":4757,"href":"https:\/\/eaic-bue.infd.edu.ar\/sitio\/wp-json\/wp\/v2\/pages\/793\/revisions\/4757"}],"wp:attachment":[{"href":"https:\/\/eaic-bue.infd.edu.ar\/sitio\/wp-json\/wp\/v2\/media?parent=793"}],"curies":[{"name":"wp","href":"https:\/\/api.w.org\/{rel}","templated":true}]}}