{"id":951,"date":"2018-08-29T18:52:55","date_gmt":"2018-08-29T21:52:55","guid":{"rendered":"https:\/\/eaic-bue.infd.edu.ar\/sitio\/informacion-general\/"},"modified":"2026-04-03T23:37:07","modified_gmt":"2026-04-04T02:37:07","slug":"informacion-general","status":"publish","type":"page","link":"https:\/\/eaic-bue.infd.edu.ar\/sitio\/informacion-general\/","title":{"rendered":"Informaci\u00f3n general"},"content":{"rendered":"<p style=\"text-align: center;\"><span style=\"text-decoration: underline; font-size: 18pt;\"><span style=\"font-family: 'comic sans ms', sans-serif;\"><strong>Informaci\u00f3n general<\/strong><\/span><\/span><\/p>\n<p><span style=\"font-family: arial, helvetica, sans-serif; font-size: 12pt;\">La Escuela de Arte Leopoldo Marechal es una instituci\u00f3n p\u00fablica y gratuita que depende de la Direcci\u00f3n General de Cultura y Educaci\u00f3n de la Provincia de Buenos Aires<\/span><\/p>\n<p><span style=\"font-family: arial, helvetica, sans-serif; font-size: 12pt;\">Otorga t\u00edtulos oficiales nacionales para el ejercicio de la docencia en los lenguajes art\u00edsticos M\u00daSICA, ARTES VISUALES, DANZAS FOLKLORICAS Y TEATRO. La Escuela de Arte tambi\u00e9n ofrece TECNICATURAS en M\u00daSICA y en CER\u00c1MICA. <\/span><\/p>\n<p style=\"text-align: center;\"><span style=\"text-decoration: underline; font-family: 'comic sans ms', sans-serif; font-size: 14pt;\"><strong>Informaci\u00f3n para nuevos ingresantes<\/strong><\/span><\/p>\n<p style=\"text-align: center;\"><span style=\"font-family: arial, helvetica, sans-serif; font-size: 12pt;\">Las inscripciones para ingresantes POR PRIMERA VEZ se realizan todos los a\u00f1os\u00a0 en dos etapas:\u00a0<\/span><\/p>\n<p><span style=\"font-family: arial, helvetica, sans-serif; font-size: 12pt;\">1-<strong> PREINSCRIPCI\u00d3N ONLINE<\/strong> <img decoding=\"async\" loading=\"lazy\" class=\"wp-image-4858 alignright\" src=\"https:\/\/eaic-bue.infd.edu.ar\/sitio\/wp-content\/uploads\/2026\/04\/480751901_1149190839877909_1479721149059290611_n-1000x1000.jpg\" alt=\"\" width=\"480\" height=\"480\" srcset=\"https:\/\/eaic-bue.infd.edu.ar\/sitio\/wp-content\/uploads\/2026\/04\/480751901_1149190839877909_1479721149059290611_n-1000x1000.jpg 1000w, https:\/\/eaic-bue.infd.edu.ar\/sitio\/wp-content\/uploads\/2026\/04\/480751901_1149190839877909_1479721149059290611_n-500x500.jpg 500w, https:\/\/eaic-bue.infd.edu.ar\/sitio\/wp-content\/uploads\/2026\/04\/480751901_1149190839877909_1479721149059290611_n-768x768.jpg 768w, https:\/\/eaic-bue.infd.edu.ar\/sitio\/wp-content\/uploads\/2026\/04\/480751901_1149190839877909_1479721149059290611_n.jpg 1080w\" sizes=\"(max-width: 480px) 100vw, 480px\" \/><\/span><\/p>\n<p><span style=\"font-family: arial, helvetica, sans-serif; font-size: 12pt;\">2- <strong>INSCRIPCI\u00d3N DEFINITIVA<\/strong> entregando la documentaci\u00f3n en la instituci\u00f3n.<\/span><\/p>\n<p><span style=\"font-family: arial, helvetica, sans-serif; font-size: 12pt;\">Las fechas, horarios y sedes en los que se realizan estas dos etapas se publican en esta p\u00e1gina desde el mes de septiembre de cada a\u00f1o.\u00a0<\/span><\/p>\n<p><span style=\"font-family: arial, helvetica, sans-serif; font-size: 12pt;\">El inicio de las cursadas comienza durante la \u00faltima semana de marzo.\u00a0<\/span><\/p>\n<p><span style=\"font-family: arial, helvetica, sans-serif; font-size: 12pt;\">Debido a la gran demanda de aspirantes al ingreso, existe en esta p\u00e1gina una<span style=\"font-size: 14pt;\"><strong> lista de espera online<\/strong><\/span>. Durante el mes de abril se realiza un relevamiento de vacantes. Quienes se hayan inscripto en el mes de noviembre e incurran en 2 ausentes consecutivos o 3 alternados perder\u00e1n la vacante para ser cubierta por aspirantes inscriptos en lista de espera<\/span><\/p>\n","protected":false},"excerpt":{"rendered":"<p>Informaci\u00f3n general La Escuela de Arte Leopoldo Marechal es una instituci\u00f3n p\u00fablica y gratuita que depende de la Direcci\u00f3n General de Cultura y Educaci\u00f3n de la Provincia de Buenos Aires Otorga t\u00edtulos oficiales nacionales para el ejercicio de la docencia en los lenguajes art\u00edsticos M\u00daSICA, ARTES VISUALES, DANZAS FOLKLORICAS Y TEATRO. La Escuela de Arte &#8230; <a title=\"Informaci\u00f3n general\" class=\"read-more\" href=\"https:\/\/eaic-bue.infd.edu.ar\/sitio\/informacion-general\/\" aria-label=\"More on Informaci\u00f3n general\">[+]<\/a><\/p>\n","protected":false},"author":68,"featured_media":0,"parent":0,"menu_order":0,"comment_status":"closed","ping_status":"closed","template":"","meta":[],"acf":[],"_links":{"self":[{"href":"https:\/\/eaic-bue.infd.edu.ar\/sitio\/wp-json\/wp\/v2\/pages\/951"}],"collection":[{"href":"https:\/\/eaic-bue.infd.edu.ar\/sitio\/wp-json\/wp\/v2\/pages"}],"about":[{"href":"https:\/\/eaic-bue.infd.edu.ar\/sitio\/wp-json\/wp\/v2\/types\/page"}],"author":[{"embeddable":true,"href":"https:\/\/eaic-bue.infd.edu.ar\/sitio\/wp-json\/wp\/v2\/users\/68"}],"replies":[{"embeddable":true,"href":"https:\/\/eaic-bue.infd.edu.ar\/sitio\/wp-json\/wp\/v2\/comments?post=951"}],"version-history":[{"count":5,"href":"https:\/\/eaic-bue.infd.edu.ar\/sitio\/wp-json\/wp\/v2\/pages\/951\/revisions"}],"predecessor-version":[{"id":4870,"href":"https:\/\/eaic-bue.infd.edu.ar\/sitio\/wp-json\/wp\/v2\/pages\/951\/revisions\/4870"}],"wp:attachment":[{"href":"https:\/\/eaic-bue.infd.edu.ar\/sitio\/wp-json\/wp\/v2\/media?parent=951"}],"curies":[{"name":"wp","href":"https:\/\/api.w.org\/{rel}","templated":true}]}}